mon factor of 6 and x?
6
Suppose 24*h - 12*h - 15132 = 0. Calculate the highest common divisor of 97 and h.
97
Let c be (6/15)/(1/5). Let q(r) = 4*r - c*r + r**2 - 3*r - r. Let i be q(6). Calculate the highest common factor of 36 and i.
12
Suppose -5*j = -f - 3*f + 66, -3*j + f = 34. Let p(z) = -9*z - 33. Let n be p(j). Calculate the greatest common factor of 76 and n.
19
Let t(u) = u. Let m(w) = 55*w - 4. Let f(k) = m(k) - 5*t(k). Let q be f(2). Calculate the greatest common factor of q and 12.
12
Let m = -35 + 39. Calculate the highest common divisor of m and 50.
2
Suppose 0 = -12*d + 14*d - 56. Suppose -d = -16*s + 15*s. Let p be (-2902)/(-14) - 8/s. What is the greatest common divisor of p and 23?
23
Suppose -5*c + 6 = -3*t - 2, -4*c - 4 = -5*t. Let v be (-165)/(-9) - t/12. Calculate the highest common divisor of 9 and v.
9
Suppose 18*w - 714 - 798 = 0. What is the highest common factor of w and 21?
21
Let q(x) = 3*x**3 + 166*x**2 + 22*x + 35. Let v be q(-55). What is the highest common factor of v and 37?
37
Let i = 62 - 34. Suppose z - i = -5*l, 4 = 3*l - 5. Let x = 148 - 57. Calculate the greatest common factor of z and x.
13
Let j = -41 + 38. Let i be ((-30)/(-24))/(j/(-288)). Let l be ((-24)/2)/(-1)*4. Calculate the highest common factor of l and i.
24
Let h(o) = 9*o - 106. Let y be h(12). What is the greatest common factor of y and 5?
1
Let h(o) = o**2 + 11*o + 19. Let v be 1 + ((-88)/(-2))/(-4). Let i be h(v). What is the highest common factor of i and 9?
9
Suppose 5*f - 4*x - 21 - 204 = 0, -x = -3*f + 135. Calculate the highest common factor of f and 720.
45
Suppose -61*q + 885 = -91. Suppose 2*c - 234 = -5*g, -3*c = -3*g + 161 - 8. Calculate the highest common factor of g and q.
16
Suppose 5*k - 10726 = -2*f, -121*f - 4*k = -119*f - 10730. Calculate the greatest common divisor of 27 and f.
27
Let s be (0/(-2 - -6))/(-1). Suppose -3*j + 3 + 36 = s. Let i = -1 + j. Calculate the greatest common divisor of 60 and i.
12
Suppose 0 = -35*f - 2*f + 37. Calculate the highest common factor of 191 and f.
1
Let z be (-1605)/21 + (-6)/(-14). Let q = 123 + z. What is the greatest common factor of 47 and q?
47
Let m(a) = -a**2 + 15*a - 19. Let d be m(13). Let j = d - 6. Suppose 0 = -5*n - 12 + 27. What is the highest common divisor of j and n?
1
Suppose 0 = -9*m - 19*m + 2044. Calculate the highest common divisor of 1387 and m.
73
Let c = -328 - -420. What is the greatest common factor of c and 4?
4
Suppose -u - 2 = 0, 0 = 5*b - u - 7 - 25. Let o(l) = l**2 + 17*l + 20. Let m be o(-16). Calculate the highest common divisor of m and b.
2
Let h be 16/(96/9)*154. Calculate the greatest common factor of 42 and h.
21
Let a be (1 - (-1)/(-1)) + 0. Suppose 0 = -5*o + 5*i - 15 + 70, 4*o - 3*i - 43 = a. Let f be 2/6*-80*(-6)/2. What is the greatest common divisor of f and o?
10
Let a(c) = -3 + 12 + 13*c - 14*c. Suppose 2*t - 26 = -2*m - 0*m, 5*m - 25 = 0. Let r be a(t). What is the greatest common divisor of 9 and r?
1
Suppose 4*a = 2*a + 24. Suppose 0*b = -2*b + a. Suppose 4*i - 2 = b. What is the highest common factor of i and 1?
1
Let b = 70 + -68. Suppose -30 = -3*f - 3*v, -b*v - 1 + 7 = 0. Suppose 5*m - 275 = d, -77 = -2*m - d + 40. Calculate the highest common divisor of m and f.
7
Suppose -11062 = -51*l + 37643. Calculate the highest common factor of l and 5.
5
Suppose 224*n - 210*n - 1120 = 0. Calculate the highest common divisor of n and 70.
10
Let u = 414 - 270. Let o = u - 96. What is the highest common factor of 32 and o?
16
Suppose 2*p + 0*p = 36. Let g = 19107 + -19105. What is the greatest common factor of g and p?
2
Let f = -245 - -377. Suppose 3 = k - 9. Calculate the highest common divisor of k and f.
12
Suppose 0 = -0*w + 3*w - 42. Let b(t) = -t**3 - 12*t**2 + 31*t + 56. Let a be b(-14). What is the highest common divisor of a and w?
14
Let f be (-6)/15 + 62/5. Suppose 6 = 3*v - 3. Suppose w + v = 6. What is the highest common divisor of f and w?
3
Suppose 17 + 34 = d. Calculate the highest common divisor of 34 and d.
17
Suppose -2*y - 42 = 90. Let x = 236 + y. Calculate the greatest common divisor of 34 and x.
34
Let v be (-2)/8 + (-52)/(-16). Suppose -2*i + 21 = v*d, -3*d = d - 20. Let a = i + 2. What is the greatest common divisor of 10 and a?
5
Let a(u) = 3*u**2 + u**3 - 4*u**2 + 5 - 4*u + 0*u**2 + 2. Let z be a(3). Calculate the highest common factor of z and 52.
13
Let y = -1059 + 1930. Calculate the greatest common divisor of 13 and y.
13
Let f be (4 + -1)*(4 - (3 - -2)). Let m(l) = 7*l**2 + 2*l + 11. Let h be m(f). Calculate the greatest common divisor of h and 34.
34
Let u(a) = -a**3 - 8*a**2 + 13*a - 10. Let y be u(-10). What is the highest common factor of 132 and y?
12
Let x be (-2 - 0)/(1/60). Let y be 48/x - (-372)/5. Suppose 0 = 5*q - 0*q - 185. What is the highest common divisor of q and y?
37
Let i(q) = 11*q + 414. Let s be i(-36). Suppose -2*w + 3*w - 18 = 0. What is the greatest common divisor of w and s?
18
Suppose -31340 = -54*a + 51442. Calculate the highest common divisor of 42 and a.
21
Let x = 14 - -18. Let g = x - -18. Let f = 160 - g. Calculate the greatest common factor of 11 and f.
11
Let o = -46 + 49. Suppose -o*u + 141 = -81. Calculate the greatest common divisor of u and 111.
37
Let b(y) = 24*y**2 + 131*y + 12. Let p be b(-6). What is the highest common factor of p and 612?
18
Let v(g) = -g**3 - 7*g**2 - 6*g + 12. Let c be v(-6). What is the highest common factor of 12 and c?
12
Let h = 2476 - 2451. Calculate the highest common divisor of h and 15.
5
Suppose p + s = 5*p - 1501, -3*p + 1132 = -2*s. Calculate the greatest common divisor of p and 88.
22
Let z be ((-4)/14 - 32/(-14)) + 0. Let y be 6 + (5 - z - 0). Suppose -3*l + 256 = l + 2*w, 0 = 2*l + 3*w - 132. What is the greatest common divisor of l and y?
9
Let z be (-20)/(-40)*23*10. What is the greatest common factor of z and 23?
23
Let b = 23 + -21. Let k(p) = -3*p**3 - p**2 + 2*p + 2. Let r be k(b). Let u = r + 23. What is the highest common divisor of 1 and u?
1
Let i = 23 + -29. Let s be 6/9 + (-236)/i. What is the greatest common factor of 8 and s?
8
Suppose -30*q + 201 = -9. Let p be (-2)/9 - (-382)/18. Calculate the highest common divisor of q and p.
7
Let a(c) = 3*c**3 - 4*c**2 + 2*c - 3. Let j be a(3). Let p = -11 - -17. What is the highest common divisor of p and j?
6
Let u = 66 + -34. Suppose -18*y + 272 = 50*y. Calculate the highest common divisor of u and y.
4
Let x(u) = u**2 + 4*u - 10. Suppose 0 = -4*y + 2*w - 5 + 23, 4*y = 5*w + 21. Let j be x(y). What is the greatest common divisor of j and 242?
22
Suppose 7*l = 5647 + 2165. Calculate the greatest common divisor of 124 and l.
124
Let r be 3 + 0/2*1. Suppose -b + 80 = 2*g, r*b = -2*b + 5*g + 325. Calculate the highest common divisor of 10 and b.
10
Suppose -2*a = 2*u - 2, u - 11 = -3*u + 3*a. Suppose 3*v + 17 + 4 = 4*m, -4*v = 2*m - 16. Calculate the greatest common factor of u and m.
2
Let v(i) = i**3 + 7*i**2 - 4*i - 9. Let z be v(-7). Let x = -4 + 10. Suppose -4*h = -x*h + 342. Calculate the greatest common factor of z and h.
19
Let o = 13 + -11. Suppose 0 = -4*j - 0*u + u + 195, 0 = o*u + 6. Suppose 3*q + q - j = 0. What is the greatest common factor of q and 24?
12
Let c be 4/(-14) - (-296)/56. Suppose 0 = 5*j - c*i + 3*i - 78, 3*j - 4*i - 58 = 0. Let n be (-4 - 11)*-2 - 2. What is the greatest common divisor of n and j?
14
Let a = 119 - 104. Let m be -2 + (10/1)/(-2). Let o = m + a. What is the greatest common divisor of 24 and o?
8
Suppose -y = -6*y + 455. Suppose 5*q = y + 64. Calculate the greatest common factor of q and 31.
31
Let i(m) = -m**3 - 10*m**2 + 11*m + 2. Let k be i(-11). Suppose 0*u + 2*n = -k*u + 8, 4*n = 3*u - 5. What is the highest common divisor of u and 15?
3
Let m = 20 - 8. Let i(q) = q + 20. Let k(r) = r**2 - 2*r + 1. Let n be k(5). Let g be i(n). Calculate the greatest common factor of g and m.
12
Let f(s) = 14*s - 320. Let x be f(32). Suppose 2*q = -0*q + 32. Let h be (-1 + -9)*q/(-10). What is the highest common factor of x and h?
16
Let g(w) = -w**2 - 19*w - 25. Let m be g(-19). Let i = m - -45. Calculate the highest common divisor of 220 and i.
20
Let j = -92 - -117. What is the highest common divisor of j and 25?
25
Suppose -5*q = -5*n + 7*n - 22